mposite number?
True
Suppose -5*v = -2*w - 33, 2*v = -2*w + 8 + 8. Is 1191 + v/56*0 composite?
True
Let t(i) = i - 2. Let g be t(4). Suppose -5*h - 5*a = -25, -g*h + 2*a + 0*a = 6. Is h*-179*(-7 + 6 - 0) a prime number?
True
Suppose 5*q = 5, -3985 = 4*b + 5*q + 1066. Suppose t - 2126 = 2*k + k, 0 = 2*t - 4*k - 4250. Let p = t + b. Is p a prime number?
True
Let l(n) = -2*n**2 + 379*n - 379*n + 5 + 17*n**3. Let k be l(7). Suppose 2*r = -4*v + k, 2*v = -5*r + 12237 + 2100. Is r prime?
False
Suppose j = 17 - 22. Let x(k) = 2*k**2 + 10*k - 5. Let c be x(j). Is (-502)/(-4)*(c + 49/7) a prime number?
True
Suppose 6*l = -3*l + 45. Suppose -3*k + l*f + 13 = 4*f, -5*k + 5*f + 25 = 0. Suppose -9*u = -k*u - 4445. Is u a prime number?
False
Suppose 4*h - 506*q + 507*q = 4453805, -3*h - 2*q = -3340355. Is h prime?
True
Let u = 3159526 + -2207147. Is u a prime number?
True
Let d = -579915 - -1250146. Is d a prime number?
True
Suppose -7*m = 83*m - 864090. Is m a prime number?
True
Let y = 147822 - -1028239. Is y a composite number?
False
Let t(q) = -16*q + 607*q**2 + 12*q - 232*q**2 + 2. Is t(1) prime?
True
Suppose -o - 1892 - 782 = 4*p, -13455 = 5*o + 3*p. Let b = o + 3941. Is b composite?
True
Let a(h) = -7*h + 170. Let j(t) be the first derivative of 13*t**2/2 - 339*t - 39. Let i(x) = -7*a(x) - 4*j(x). Is i(0) a composite number?
True
Let i = 14 + 5. Is 88/836 - (-81527)/i composite?
True
Let b(q) = q**3 + 24*q**2 + 30*q - 10. Let d(c) = -23*c**2 - c + 1. Let j be d(-1). Is b(j) composite?
False
Suppose -301*p = 3*v - 298*p - 198912, -5*v - 2*p = -331505. Is v a prime number?
False
Let h(x) = 2*x**2 - 8*x + 5. Let n be h(4). Suppose -5*m = -p + 694, 2*p = 6*p + n*m - 2851. Is p a composite number?
False
Let n(j) be the first derivative of -26*j + 175/2*j**2 - 11. Is n(7) prime?
False
Suppose -2*m = -5*b + 18, -2*b = -m + 5*m - 12. Suppose 3 + m = 4*q, 20556 = 5*u + q. Is u prime?
True
Suppose -x + 40801 = -3*g, 2*x - 6*g + g - 81598 = 0. Is x composite?
True
Let c(v) = 2*v**3 - 22*v**2 + 9. Suppose 4*q + 0*i - 44 = -i, -55 = -5*q - 2*i. Let w be c(q). Let f(l) = 23*l + 30. Is f(w) prime?
False
Let d(f) = -f**3 + 4*f**2 - 4. Let w be d(2). Suppose -w*r = -r - 435. Let s = r + -62. Is s composite?
False
Suppose 34*s = 26*s + 144712. Suppose 0 = 2*w - k - 34118, w - 5*k + 1030 = s. Is w a composite number?
True
Suppose -2065635 - 4428741 = -4*q - 5*r, 4 = -r. Is q a composite number?
False
Let n = 555 + 191. Let d be (22/11)/((-1)/n). Let b = -695 - d. Is b a composite number?
False
Let j(h) be the second derivative of 31*h**3/3 + 7*h**2/2 - h + 32. Let w be 30/4*(-4)/(-6). Is j(w) prime?
True
Let l(w) = 3*w**3 - 3*w**2 - 18*w - 14. Let u be l(-3). Let o(k) = -9*k**3 + k. Let r be o(1). Is (-28401)/(-51) + r/u a prime number?
True
Let z(p) = 61*p + 127. Let f be z(-2). Is (-1546 + -5)*-12 + f prime?
True
Let x(h) = 2*h - 3*h**2 + h**2 + 395*h**3 + 272*h**3 + 1. Let n be x(1). Suppose u - n = -3*p, -3*u = p - 1924 - 56. Is u a composite number?
False
Let u = -480754 + 1636965. Is u a prime number?
False
Suppose -1010304 + 157434 = -10*p. Is p a prime number?
False
Let k = -537 + 654. Suppose -125*p + 1192 = -k*p. Is p a prime number?
True
Let r(o) = 1652*o**2 + 384*o - 1887. Is r(5) composite?
False
Suppose -22*c + 15 = -17*c, -4*m + c + 333 = 0. Suppose m*y - 74*y - 17950 = 0. Is y prime?
False
Let p = -11 - 23. Let v = p + 31. Is (v/12*74)/(5/(-230)) prime?
False
Suppose -5*a = 3*a - 72. Suppose a*k = 8*k + 5617. Is k a prime number?
False
Suppose -2*p = x - 118283, 0 = -5*x + 10*x - 5. Is p a prime number?
True
Suppose -p - 4*w = -8696, 20 = -9*w + 4*w. Let a = -5353 + p. Is a a composite number?
False
Let x = 109338 - -11525. Is x a prime number?
True
Let u = 376681 - 177978. Is u a prime number?
False
Suppose 4*i - 1260 = -3*v, 2*i - 6*v = -5*v + 640. Suppose m - 5*h = i, -24 = 5*h - 4. Is m prime?
False
Let d(u) = 3*u**2 - 36*u - 37. Let f be d(-1). Is 1/f + 510939/198 prime?
False
Suppose 0 = g + 876 - 2139. Suppose -2*a - 825 + 7289 = 0. Let b = a - g. Is b composite?
True
Let d be (-7974)/(-5) - (-7)/35. Suppose -2594 = 3*x + 496. Let p = x + d. Is p a prime number?
False
Suppose -n + 1002 = -0*n. Suppose 5*q = -4*u + 191, -5*u - 32 = -q - 249. Suppose u*i = 47*i - n. Is i a prime number?
False
Suppose -2*d + 9958 = -4*r, 7*d = 5*d - 4*r + 9942. Suppose 0 = -7*c + d - 824. Is c prime?
True
Let b be 17/(1547/14) - (-37)/13. Let t be 2*(b + -4) + 1. Is (t/(-3))/((7/19194)/1) a composite number?
True
Let m(u) = -2*u**3 + 24*u**2 - u + 84. Let n(i) = 3*i**3 - 23*i**2 + 2*i - 83. Let h(x) = -4*m(x) - 3*n(x). Is h(-32) a prime number?
False
Let j = 220830 + 2058215. Is j a composite number?
True
Suppose 0 = -c - 3*b + 3813, 0 = 2*c - 3*c - 2*b + 3811. Let d = 14890 + c. Is d composite?
True
Let p = 94 - 69. Suppose p = 5*q - 0*q. Suppose 0*j = -5*i + 5*j + 18770, 18725 = q*i + 4*j. Is i prime?
False
Let r = -490 - -500. Let d(v) = 2*v**3 + 3*v**2 - 7*v + 27. Is d(r) a prime number?
False
Let y be (4/7)/(4/14). Suppose 0 = 10*x - y*x + 336. Let b = x + 125. Is b composite?
False
Let y be (374/33 + 2)*1086/4. Let h = y + -1459. Is h prime?
True
Let w = 4683181 - 1770144. Is w composite?
False
Let r = -434 - -440. Let i(a) = 140*a - 89. Is i(r) a prime number?
True
Suppose -8*t + 4*t - 117 = -5*i, 4*t + 12 = 0. Let z(b) be the second derivative of b**5/20 - 7*b**4/4 + 25*b**3/6 + 13*b**2 + b. Is z(i) composite?
True
Let x = -98201 - -146142. Is x a prime number?
False
Suppose -4*w + 1216204 = 2*a, -a + 2 + 2 = 0. Is w composite?
False
Let m(s) be the first derivative of s**3/3 + 3*s**2 + 16*s - 22. Let v be m(-3). Let q(c) = 3*c**3 - 10*c**2 + 5*c - 17. Is q(v) a composite number?
False
Let g be 0 - (-5290168)/22 - 142/781. Suppose 4*t + 4*n - 161852 = 0, 78634 = -4*t + 2*n + g. Is t composite?
False
Let i = -2171216 + 3074216. Is (4 - (-90)/(-22)) + i/110 composite?
False
Let m(v) = -78*v**2 + 6*v + 1. Let l be m(7). Let b be ((-308)/(-33))/(-3 - 1618/(-540)). Let p = b - l. Is p composite?
False
Suppose -56*r = -101*r + 47*r - 34438. Is r a prime number?
False
Let g(i) = i - 12. Let u be g(4). Is (-263076)/u + 4/8 composite?
True
Let i(y) = 3748*y**2 - 9*y - 13. Let p be i(-14). Suppose 39*o + p = 78*o. Is o a prime number?
True
Let r(j) = -j**3 - 2*j**2 + 8*j + 6. Let z be r(-3). Let f(g) = 26*g**2 - 4*g + 19. Is f(z) a composite number?
False
Let o(u) = 3*u**2 + 3*u - 5. Let a(x) = x - 5. Let l(y) = y**3 - 2*y**2 - 8*y + 9. Let c be l(4). Let k be a(c). Is o(k) prime?
False
Suppose 6*k - 8 = 10. Suppose 2*r = t - k, 3*r + 2*r - 12 = -4*t. Suppose -t*q + 89 + 448 = 0. Is q composite?
False
Is 3/(-2)*(8/(-10))/((-402)/(-279008435)) a composite number?
False
Let g(h) = -312*h**3 + 8*h**2 - 6*h + 32. Let m(f) = 468*f**3 - 12*f**2 + 9*f - 48. Let q(y) = 7*g(y) + 5*m(y). Is q(3) composite?
True
Suppose -2*n = 5*b - 7, -39 = -5*n + 2*b + 22. Suppose 14 + n = -5*f, -3*r + 4*f + 26 = 0. Is 1227/3 - r/(-8)*0 prime?
True
Let d be (-1050)/(-133) + 54/513. Let q(z) be the first derivative of 3*z**4/4 + 10*z**3/3 + 13*z**2/2 - 9*z + 2. Is q(d) composite?
True
Suppose 22136 = -39*s + 47*s. Suppose 0 = -2*c + 4*g + 1938, -3*c + g + s = -135. Is c composite?
False
Suppose 10*h + 4595 - 1319 = 333706. Is h a composite number?
True
Suppose -18080 = 5*c + 3*r - 270090, c = -3*r + 50414. Is c a composite number?
True
Let f(j) = 766*j**3 + 13*j**2 + 4*j + 65. Is f(6) a composite number?
False
Suppose 160057 = -5029*c + 5052*c. Is c a prime number?
True
Suppose 0 = 4*j + 4*q - 184, -q = -3*j - 0*q + 126. Let s = 43 - j. Suppose 4*c + c - 1270 = s. Is c prime?
False
Let p(b) = -2*b**3 - 66*b**2 - 20*b - 495. Is p(-52) composite?
True
Suppose -h = s - 5*s - 24, -4*h + s = -21. Let n be 7 - h - 25*10. Is n/(-4) - (-7)/28 prime?
False
Suppose 377 + 1092 = v. Let p = v - 442. Is p a prime number?
False
Let z(l) = 68*l + 89. Let t be z(35). Suppose -t = -2*a - 3*i, -5*i = 2*a - 2044 - 435. Is a composite?
True
Let w(f) = 1038*f**2 + 11*f - 108. Is w(11) a composite number?
True
Let y(v) = 7*v + 76. Let c be y(-6). Suppose 2*t - c = 8928. Is t composite?
False
Let b(x) = 3*x**3 - 30*x**2 - 27*x + 497. Is b(23) a composite number?
False
Let x(z) = 217*z - 70. Is x(3) a composite n